ppose 16*b - 367 - v = 0. What is the tens digit of b?
2
Let z = 25393 + -383. What is the hundreds digit of z?
0
Suppose 3*m = -u + 2*m + 6407, -4*m = 0. What is the hundreds digit of u?
4
What is the units digit of ((-143144)/8 + -9)*-1?
2
Let f = 103 - 101. Suppose 0 = 4*o + 3*j + 143 + 144, 3*o - 4*j = -184. What is the tens digit of (-3383)/o - f/(-8)?
5
Suppose -3*y + 94648 = 4*k, 6870*y - 94720 = 6867*y + 5*k. What is the units digit of y?
0
Suppose -124*k + 189240 = -41*k. What is the hundreds digit of k?
2
Suppose -3*q + 46072 = 4*w, 12*q - w = 8*q + 61461. What is the units digit of q?
4
Let o(a) = 65*a**2 + 26*a + 29. What is the thousands digit of o(-9)?
5
Let j(y) = -y**3 + y. Let z(u) = 7*u**3 - 11*u**2 - 11*u - 8. Let f(m) = -6*j(m) - z(m). Let n be f(8). Suppose 7*l = 2*l + n. What is the tens digit of l?
4
Let v = 1039 - 1565. Let n = v - -1015. What is the units digit of n?
9
Let j(d) be the first derivative of 5/2*d**2 - 32*d + 31. What is the tens digit of j(13)?
3
Let j be (-53)/3 + 1/(-3). Suppose -468 = 39*d - 33*d. What is the tens digit of (d/(1 + -3))/((-27)/j)?
2
Suppose 47*l - 52*l = -3*b + 16395, 0 = 3*l - 9. What is the units digit of b?
0
Suppose 0 = 362*k - 302*k - 1222320. What is the ten thousands digit of k?
2
Let f(h) = -h + 26. Let v be f(21). Suppose 5*g - 294 = -2*s + 741, s = 2*g - 405. Suppose -v*n + g = -0*m - 3*m, 5*m - 51 = -2*n. What is the tens digit of n?
3
Let x = 152 - 152. Let t(d) = 5*d + 351. What is the units digit of t(x)?
1
Let m(v) = -v**3 + 51*v**2 - 5*v + 67. What is the tens digit of m(49)?
2
Let r be 0*(6 + (-91)/14). Suppose 7*p - 9*p = 0. Suppose p = -r*m - 10*m + 1290. What is the tens digit of m?
2
Let i(u) = 6*u**3 + 18*u**2 + 25*u - 35. Let p(v) = -5*v**3 - 18*v**2 - 26*v + 35. Let y(c) = 4*i(c) + 5*p(c). What is the units digit of y(-16)?
3
What is the hundreds digit of 80/(-64) - 53170/(-8)?
6
Let i = -23 + 26. Let c(k) = i - 4 + 3 - 19*k. What is the tens digit of c(-2)?
4
Let g(s) = -45*s**3 + s**2 + 59*s + 421. What is the hundreds digit of g(-7)?
4
Let a = 49 + -41. Suppose a*l + 6 + 10 = 0. What is the tens digit of ((-3333)/(-99))/(1 + l/3)?
0
What is the tens digit of -1 - -1 - (-12 - -2924)/(-2)?
5
Suppose -4*b - 5 = -77. Suppose -23*j + 2780 = -b*j. Suppose y + 3 = 0, 6*z - 4*y = 2*z + j. What is the units digit of z?
6
Suppose 273 = 9*l - 2*l. Let w = l - 35. Suppose j = i - 47, -3*i + 142 = -w*j - 0. What is the units digit of i?
6
Let n be 50/15 + 4/6. Let q = n - 7. What is the units digit of (q - -1*(-1)/1) + 290?
6
Let s = 7094 - -3564. What is the tens digit of s?
5
What is the tens digit of 100792/6 + (-13)/(-39)?
9
Suppose 0 = -p + 1 + 3. Let k be (p/14)/((-8)/(-56)). Let l(q) = 2*q**3 + 2*q**2 - 5*q + 2. What is the units digit of l(k)?
6
Let c(m) = 270*m**2 - 194*m - 2417. What is the hundreds digit of c(-14)?
2
What is the thousands digit of 448/128*(-6)/(-7) + 31152?
1
Let x = -21 - -11. Let g = x + 12. Suppose -3*a - g*a = -590. What is the tens digit of a?
1
Suppose 0*v + 5*k + 55997 = 6*v, -2*v - 4*k = -18694. What is the units digit of v?
7
Let p = -15932 - -22010. What is the tens digit of p?
7
Let q be 4/(7/3 - 1). What is the units digit of (-9 - -74) + (1 - q)?
3
Suppose -877819 = -211*y + 164*y. What is the tens digit of y?
7
Suppose -65*w + 69621 = -93204. What is the units digit of w?
5
Suppose -3*q - 2*i + 7 = 0, 10*q - 8*q = -3*i + 13. What is the tens digit of (-6)/(-8) - q*968/32?
3
Let f(q) = 3*q**2 + 5*q + 2268. What is the tens digit of f(0)?
6
Suppose 17 = 5*x - 2*d, x = -x + 4*d - 6. Let q = 11 + x. Let j(c) = 5*c - 35. What is the tens digit of j(q)?
4
Let j be 7 + -3 + 1*-2. Let u(d) = d**3 - d**2 - 4*d + 2. Let a be u(j). What is the units digit of a*22*(-13)/4?
3
Suppose 0 = -2*h + 4*s + 90, 4*h + 4*s - 72 = 168. Suppose -w + 3 = 3*d - 20, 2*w - 3*d - h = 0. Suppose w*a - 224 = 22*a. What is the tens digit of a?
5
Let m(s) = -3*s**2 + 19*s + 16. Let p be m(9). What is the units digit of 947/4 + (-14)/p?
7
Suppose 0 = -5*z + 92 + 3. Suppose -45*v + 136 + 449 = 0. Let i = z + v. What is the tens digit of i?
3
Suppose 2*x - 4*r = 6168, 2*x - 2*r - 4777 = 1381. Suppose b + 4*t - 2048 = -b, 4*t = -3*b + x. What is the tens digit of b?
2
Let j be (-22)/6*-1*(7 - 4). Suppose j*z - 8*z = -2*a + 784, -2*a + 1044 = 4*z. What is the hundreds digit of z?
2
Let t be (12/4)/3 - 1. Let o = 269 + -267. Suppose t = b - o*b + 20. What is the units digit of b?
0
Suppose 5*c + 5*p - 36880 = 0, 22138 = -7*c + 10*c - 2*p. What is the units digit of c?
8
Let a(s) be the second derivative of s**5/20 + 7*s**4/3 - 41*s**3/6 - 85*s**2/2 + 30*s + 2. What is the units digit of a(-28)?
3
Let h(k) = -1036*k - 2843. What is the hundreds digit of h(-27)?
1
Let p(r) = r**3 - 21*r**2 - 3*r + 67. Let s be p(21). Suppose s*d + 8*d = 5400. What is the units digit of d?
0
Let n = 8 - -10. Let a be (n/4)/((-1)/6). Let t = 73 - a. What is the tens digit of t?
0
Let w(g) = -532*g + 72. What is the units digit of w(-15)?
2
Suppose -12*u = -18*u + 30. Let x be (-142 - -2)/(u/(-10)). What is the units digit of x/49*(-3 - 26/(-4))?
0
Let n(h) = h**3 - 20 - 9*h + 7*h**2 + 54 - 19 - 20. Let y be n(-6). Suppose -2*d + y = 2*o + d, -2*d + 130 = 3*o. What is the units digit of o?
4
Let l = 226 - 63. Let t = -150 + l. What is the tens digit of t?
1
Let i = -299 - -309. What is the units digit of (-1580)/(-44) - (-1)/(i - -1)?
6
Let z(f) = -4*f**2 - 162*f + 5 + 184*f - 2. Let i be z(4). Let n = 207 - i. What is the hundreds digit of n?
1
Let r be (-28)/3*(-2403)/36. Suppose -i + 2*h = -119, 3*i + r = 8*i + 4*h. What is the hundreds digit of i?
1
Suppose -169 = -6*p + 41. Let l(u) = -2*u**2 + u - 12. Let x be l(-8). Let c = p - x. What is the units digit of c?
3
Suppose -13*i - 8*i + 146132 = 30926. What is the tens digit of i?
8
Let b(j) = 4*j**2 - 10*j - 17. Let w be ((-3 + -1)/(-12))/(2/12). Let a be (6/(-12))/(w/24). What is the hundreds digit of b(a)?
1
Let m(a) = 493*a + 31. What is the tens digit of m(1)?
2
Let u(r) = -78*r**3 + 5*r**2 + 11*r + 8. What is the thousands digit of u(-4)?
5
Let b(x) = -5*x**3 + 4*x**2 - 31*x - 32. What is the thousands digit of b(-10)?
5
Let z be 1/(21/10002) - (-24)/(-84). Suppose a - 3*s - 80 - z = 0, 4*a - 4*s = 2184. What is the hundreds digit of a?
5
Let o = -45656 - -71534. What is the ten thousands digit of o?
2
Let a(v) = -13*v**2 - 3*v - 3. Let i be a(-3). Let j = -116 - i. Let w(z) = -35*z - 17. What is the hundreds digit of w(j)?
1
Suppose 3*h - 33204 = -3*m, -3*m = -h - 12136 - 21056. What is the hundreds digit of m?
0
Let m = 1392 - 427. Suppose m = 5*i - 4*n, -4*i + 741 = -5*n - 40. What is the hundreds digit of i?
1
Let m = 9385 + -4604. What is the thousands digit of m?
4
Let f(o) = 258*o - 2. Let w be f(3). Suppose 16*t = 5148 + w. What is the tens digit of t?
7
Let a be 3 + (-57 - -6)*(1 + -12). Let t = 944 - a. What is the tens digit of t?
8
Suppose -8*t - 10921 - 3631 = 0. Let l = 2645 + t. What is the units digit of l?
6
Suppose -38*f + 4468 + 99421 + 109101 = 0. What is the thousands digit of f?
5
Suppose -15*q = -3*q - 24. What is the hundreds digit of 834 + (4/(-2))/q?
8
Suppose -6*j + 4789 - 4585 = 0. Suppose 4*t - 3*t - 21 = 0. Suppose 0 = 20*l - t*l + j. What is the units digit of l?
4
Let q be 1/(-2)*-15*(-13 - -63). Suppose 7*k = 12*k + q. Let r = 165 + k. What is the tens digit of r?
9
Suppose -17*c + 2268 = -10. What is the hundreds digit of c/2*(5 + -1)?
2
Suppose -314*m + 778546 = -707215 - 114383. What is the thousands digit of m?
5
Suppose -6*z = -8 + 8. Let i(x) = -4 - x + 6 + 7 + z*x. What is the units digit of i(-20)?
9
What is the thousands digit of (-380368)/(-48) + (-1)/6*2?
7
Suppose 4*b - 330*m - 10472 = -326*m, 2*m - 2618 = -b. What is the hundreds digit of b?
6
Suppose -9*c + 14*c + 170 = 0. Let z = 38 + c. Suppose -1 = -5*q + z. What is the units digit of q?
1
Suppose 4*m = 4*f - 20, 5*m + 4*f - 18 = -7. Let b be 4/(-2) - (-13)/m. Let q = b + 96. What is the tens digit of q?
8
Suppose -3*y + 155 = -n, -2*y + 6*y + 5*n = 194. Let w = y + -46. Suppose 3*o + l - 276 = 0, l + 3*l - 467 = -w*o. What is the units digit of o?
1
Let z(h) = 134*h**2 - 8*h + 20. Let k be z(11). What is the hundreds digit of 